 is the millions digit of 333643552?
3
What is the thousands digit of 661957390?
7
What is the ten millions digit of 34648666?
3
What is the millions digit of 508651490?
8
What is the tens digit of 5029911239?
3
What is the hundred thousands digit of 16925969?
9
What is the ten thousands digit of 1582300923?
0
What is the billions digit of 2224862174?
2
What is the thousands digit of 605522508?
2
What is the millions digit of 808995872?
8
What is the units digit of 168382297?
7
What is the tens digit of 27600035?
3
What is the hundreds digit of 1792314147?
1
What is the thousands digit of 90288708?
8
What is the ten thousands digit of 1127239384?
3
What is the tens digit of 600695765?
6
What is the tens digit of 268294395?
9
What is the ten millions digit of 106213929?
0
What is the ten thousands digit of 91273058?
7
What is the ten millions digit of 2391392466?
9
What is the hundred millions digit of 2285830250?
2
What is the millions digit of 267740354?
7
What is the hundred thousands digit of 76520827?
5
What is the millions digit of 8301775106?
1
What is the millions digit of 24513655?
4
What is the hundred thousands digit of 4405888535?
8
What is the hundreds digit of 701658018?
0
What is the millions digit of 2407672933?
7
What is the ten millions digit of 51014040?
5
What is the ten millions digit of 4254415669?
5
What is the millions digit of 394100796?
4
What is the hundred thousands digit of 745402364?
4
What is the hundreds digit of 36045853?
8
What is the ten thousands digit of 237423939?
2
What is the ten millions digit of 58754878?
5
What is the hundreds digit of 21775345?
3
What is the thousands digit of 46070517?
0
What is the units digit of 238124100?
0
What is the ten millions digit of 2157509860?
5
What is the thousands digit of 128219391?
9
What is the ten thousands digit of 9445941?
4
What is the billions digit of 1591774535?
1
What is the ten thousands digit of 415080586?
8
What is the hundred millions digit of 562740953?
5
What is the tens digit of 1588350778?
7
What is the hundreds digit of 111481212?
2
What is the tens digit of 221294071?
7
What is the millions digit of 3706346955?
6
What is the units digit of 1370641623?
3
What is the hundred thousands digit of 23545435?
5
What is the hundreds digit of 170019262?
2
What is the tens digit of 211118483?
8
What is the billions digit of 3048298672?
3
What is the hundred millions digit of 978678341?
9
What is the hundred millions digit of 1580507533?
5
What is the hundred thousands digit of 263303187?
3
What is the ten millions digit of 12008731?
1
What is the units digit of 1729167421?
1
What is the hundred thousands digit of 2235675?
2
What is the millions digit of 142384262?
2
What is the hundred thousands digit of 226203469?
2
What is the billions digit of 8087519088?
8
What is the millions digit of 1005290316?
5
What is the ten thousands digit of 32561938?
6
What is the hundred millions digit of 5181085982?
1
What is the ten millions digit of 120265865?
2
What is the hundreds digit of 537322161?
1
What is the ten thousands digit of 218875979?
7
What is the units digit of 9736191?
1
What is the ten thousands digit of 195151322?
5
What is the millions digit of 200850037?
0
What is the ten millions digit of 2000240720?
0
What is the hundred thousands digit of 587495423?
4
What is the tens digit of 3990630726?
2
What is the tens digit of 468634236?
3
What is the thousands digit of 860352326?
2
What is the hundred thousands digit of 6497370?
4
What is the hundreds digit of 1066722341?
3
What is the units digit of 102748514?
4
What is the ten millions digit of 285370285?
8
What is the ten millions digit of 347615714?
4
What is the ten millions digit of 858109439?
5
What is the ten thousands digit of 4667646192?
4
What is the ten thousands digit of 606108598?
0
What is the tens digit of 48793968?
6
What is the units digit of 145914560?
0
What is the millions digit of 3099977534?
9
What is the ten millions digit of 69579607?
6
What is the hundreds digit of 190293669?
6
What is the hundred thousands digit of 1129931951?
9
What is the ten millions digit of 30891804?
3
What is the tens digit of 94906358?
5
What is the hundred millions digit of 340483277?
3
What is the hundred thousands digit of 1613804783?
8
What is the thousands digit of 131297901?
7
What is the ten thousands digit of 759312453?
1
What is the units digit of 30726609?
9
What is the ten thousands digit of 84304633?
0
What is the ten millions digit of 149799444?
4
What is the millions digit of 401929357?
1
What is the units digit of 103278?
8
What is the millions digit of 2161107255?
1
What is the ten thousands digit of 2416799475?
9
What is the thousands digit of 38692654?
2
What is the ten thousands digit of 49638890?
3
What is the hundred thousands digit of 1001193090?
1
What is the ten thousands digit of 83666694?
6
What is the billions digit of 4559698661?
4
What is the thousands digit of 6027787521?
7
What is the millions digit of 131401989?
1
What is the ten thousands digit of 265956650?
5
What is the ten thousands digit of 82772233?
7
What is the units digit of 6002959408?
8
What is the ten thousands digit of 55595973?
9
What is the thousands digit of 1988300473?
0
What is the hundreds digit of 129477265?
2
What is the ten millions digit of 1365068524?
6
What is the ten millions digit of 1734827122?
3
What is the hundreds digit of 166692925?
9
What is the ten thousands digit of 34143106?
4
What is the units digit of 70662597?
7
What is the units digit of 202237040?
0
What is the ten millions digit of 550416961?
5
What is the thousands digit of 139480022?
0
What is the tens digit of 3403603651?
5
What is the hundred thousands digit of 535346582?
3
What is the hundreds digit of 496178481?
4
What is the hundred thousands digit of 750958607?
9
What is the billions digit of 7238672262?
7
What is the units digit of 21076677?
7
What is the millions digit of 579320671?
9
What is the ten millions digit of 49826639?
4
What is the units digit of 1530815526?
6
What is the hundred thousands digit of 42034034?
0
What is the hundreds digit of 4867309616?
6
What is the tens digit of 31574276?
7
What is the ten thousands digit of 2581242507?
4
What is the units digit of 582064023?
3
What is the units digit of 187315368?
8
What is the units digit of 650883211?
1
What is the hundred thousands digit of 2707315285?
3
What is the hundred thousands digit of 657058?
6
What is the units digit of 68336791?
1
What is the ten thousands digit of 127204496?
0
What is the hundred thousands digit of 96799044?
7
What is the thousands digit of 386977527?
7
What is the ten millions digit of 225222038?
2
What is the hundred thousands digit of 99017073?
0
What is the hundred thousands digit of 3527595801?
5
What is the ten millions digit of 92878496?
9
What is the ten thousands digit of 1501960975?
6
What is the thousands digit of 14766856?
6
What is the hundred thousands digit of 228115868?
1
What is the billions digit of 2806037774?
2
What is the thousands digit of 14512630?
2
What is the ten thousands digit of 5961349?
6
What is the hundreds digit of 591099768?
7
What is the hundreds digit of 52081570?
5
What is the hundreds digit of 1477456824?
8
What is the hundred thousands digit of 72677495?
6
What is the units digit of 118518383?
3
What is the tens digit of 7404577?
7
What is the hundreds digit of 72256766?
7
What is the ten thousands digit of 67298074?
9
What is the ten thousands digit of 501426983?
2
What is the ten thousands digit of 318455042?
5
What is the ten thousands digit of 240902507?
0
What is the millions digit of 400216599?
0
What is the units digit of 31278760?
0
What is the hundred millions digit of 186934494?
1
What is the ten millions digit of 53559128?
5
What is the hundred millions digit of 805124469?
8
What is the thousands digit of 1039464893?
4
What is the ten thousands digit of 99027196?
2
What is the hundreds digit of 2142040925?
9
What is the ten thousands digit of 983727453?
2
What is the hundreds digit of 34182807?
8
What is the hundred millions digit of 419894034?
4
What is the hundred thousands digit of 291556281?
5
What is the tens digit of 719211178?
7
What is the ten millions digit of 58889901?
5
W